hen 769510 is divided by 769281.
229
What is the remainder when 366937 is divided by 217?
207
Calculate the remainder when 243563839 is divided by 320.
319
Calculate the remainder when 2026482 is divided by 168873.
6
What is the remainder when 4407664 is divided by 2203825?
14
What is the remainder when 8860540 is divided by 638?
634
What is the remainder when 4526892 is divided by 632?
508
Calculate the remainder when 300039087 is divided by 26.
23
Calculate the remainder when 365614479 is divided by 220.
219
Calculate the remainder when 63563 is divided by 9898.
4175
What is the remainder when 21273858 is divided by 3?
0
What is the remainder when 622360 is divided by 2804?
2676
Calculate the remainder when 259951444 is divided by 3.
1
Calculate the remainder when 25851006 is divided by 5170197.
21
Calculate the remainder when 17816957 is divided by 320.
317
Calculate the remainder when 328884987 is divided by 105.
102
What is the remainder when 9318322 is divided by 3103?
13
What is the remainder when 54406091 is divided by 168963?
5
Calculate the remainder when 3501716 is divided by 9.
5
Calculate the remainder when 3353046 is divided by 290.
66
What is the remainder when 3261392 is divided by 464?
400
What is the remainder when 1040714 is divided by 646?
8
Calculate the remainder when 1572609 is divided by 166.
91
Calculate the remainder when 1310523 is divided by 63.
60
Calculate the remainder when 476992 is divided by 7571.
19
Calculate the remainder when 231275 is divided by 17790.
5
Calculate the remainder when 140458 is divided by 327.
175
Calculate the remainder when 70689 is divided by 68828.
1861
What is the remainder when 10822941 is divided by 148?
145
Calculate the remainder when 6781982 is divided by 55138.
8
Calculate the remainder when 1013004 is divided by 318.
174
What is the remainder when 282044 is divided by 339?
335
What is the remainder when 459720 is divided by 497?
492
Calculate the remainder when 67242 is divided by 3714.
390
What is the remainder when 2332421 is divided by 2334?
755
Calculate the remainder when 4313312 is divided by 4668.
80
What is the remainder when 514343870 is divided by 448?
446
Calculate the remainder when 1402871 is divided by 145.
141
What is the remainder when 10865551 is divided by 702?
697
Calculate the remainder when 3494005 is divided by 1746996.
13
Calculate the remainder when 34093637 is divided by 147591.
116
Calculate the remainder when 31820 is divided by 9901.
2117
Calculate the remainder when 319570 is divided by 8634.
112
Calculate the remainder when 315426 is divided by 315125.
301
What is the remainder when 368993 is divided by 1321?
434
What is the remainder when 31771 is divided by 31596?
175
What is the remainder when 374096 is divided by 4160?
3856
What is the remainder when 454267 is divided by 150105?
3952
Calculate the remainder when 1156388 is divided by 288916.
724
What is the remainder when 364694812 is divided by 17?
0
What is the remainder when 19267170 is divided by 4816772?
82
What is the remainder when 2077128 is divided by 12?
0
Calculate the remainder when 23768 is divided by 10988.
1792
Calculate the remainder when 486514 is divided by 272.
178
Calculate the remainder when 356188 is divided by 177997.
194
What is the remainder when 2165185 is divided by 2165175?
10
Calculate the remainder when 406578 is divided by 137.
99
Calculate the remainder when 1351942 is divided by 10089.
16
What is the remainder when 70442661 is divided by 7044265?
11
Calculate the remainder when 4718217 is divided by 196591.
33
What is the remainder when 9641617 is divided by 18400?
17
Calculate the remainder when 28685 is divided by 5697.
200
What is the remainder when 11683 is divided by 6608?
5075
Calculate the remainder when 6943499 is divided by 1118.
719
What is the remainder when 1718253 is divided by 41?
25
What is the remainder when 81562 is divided by 2618?
404
Calculate the remainder when 1778270 is divided by 20920.
70
Calculate the remainder when 3314 is divided by 767.
246
What is the remainder when 142241277 is divided by 47413748?
33
Calculate the remainder when 1121220 is divided by 46.
16
Calculate the remainder when 174982463 is divided by 1048.
1047
Calculate the remainder when 11305223 is divided by 89017.
64
Calculate the remainder when 1872891 is divided by 773.
685
Calculate the remainder when 130843 is divided by 13.
11
What is the remainder when 1640088 is divided by 96?
24
Calculate the remainder when 154248 is divided by 7745.
7093
What is the remainder when 1319430 is divided by 457?
71
What is the remainder when 81682034 is divided by 81682015?
19
Calculate the remainder when 54905 is divided by 7831.
88
Calculate the remainder when 112201 is divided by 653.
538
What is the remainder when 3916334 is divided by 79?
67
Calculate the remainder when 36571224 is divided by 217.
214
Calculate the remainder when 72355 is divided by 69145.
3210
Calculate the remainder when 397278 is divided by 98.
84
Calculate the remainder when 562474 is divided by 262.
222
What is the remainder when 1376 is divided by 524?
328
What is the remainder when 2989117 is divided by 68?
41
What is the remainder when 446267 is divided by 125?
17
What is the remainder when 558372897 is divided by 50?
47
What is the remainder when 222210 is divided by 5207?
3516
Calculate the remainder when 36727571 is divided by 13.
10
What is the remainder when 294993628 is divided by 603?
601
What is the remainder when 33642334 is divided by 104?
102
Calculate the remainder when 169602333 is divided by 8.
5
Calculate the remainder when 24269226 is divided by 5132.
5130
What is the remainder when 18888202 is divided by 27?
1
What is the remainder when 574946 is divided by 560?
386
Calculate the remainder when 27209209 is divided by 97524.
13
What is the remainder when 4194885 is divided by 120?
45
What is the remainder when 1728712 is divided by 2063?
1981
What is the remainder when 17855357 is divided by 230?
227
Calculate the remainder when 5383435 is divided by 40.
35
What is the remainder when 80435365 is divided by 345?
340
What is the remainder when 560156 is divided by 30?
26
What is the remainder when 53142 is divided by 5894?
96
What is the remainder when 1952630 is divided by 3051?
3041
Calculate the remainder when 9313680 is divided by 143287.
25
Calculate the remainder when 126695 is divided by 285.
155
What is the remainder when 52177 is divided by 51073?
1104
Calculate the remainder when 415055 is divided by 332.
55
Calculate the remainder when 14193551 is divided by 67267.
214
What is the remainder when 693265 is divided by 322?
321
Calculate the remainder when 5107616 is divided by 1164.
1148
Calculate the remainder when 303308 is divided by 2121.
5
Calculate the remainder when 1149669 is divided by 383211.
36
Calculate the remainder when 6002010 is divided by 1595.
25
What is the remainder when 1940304 is divided by 826?
30
What is the remainder when 6904405 is divided by 54?
19
Calculate the remainder when 408389 is divided by 515.
509
What is the remainder when 9966171 is divided by 36?
3
What is the remainder when 138749 is divided by 78?
65
Calculate the remainder when 119330 is divided by 2034.
1358
What is the remainder when 654393 is divided by 93478?
47
What is the remainder when 8630854 is divided by 27486?
250
What is the remainder when 4203 is divided by 1174?
681
Calculate the remainder when 1826513 is divided by 2312.
33
What is the remainder when 737879849 is divided by 150?
149
Calculate the remainder when 166096 is divided by 886.
414
What is the remainder when 8594453 is divided by 665?
658
Calculate the remainder when 10875788 is divided by 26.
14
Calculate the remainder when 1650407218 is divided by 2772.
2770
Calculate the remainder when 38937189 is divided by 17.
15
What is the remainder when 39247 is divided by 2492?
1867
Calculate the remainder when 19439937 is divided by 27.
18
Calculate the remainder when 42569290 is divided by 1744.
1738
Calculate the remainder when 12013136 is divided by 11175.
11
Calculate the remainder when 23333204 is divided by 5833280.
84
Calculate the remainder when 1112005 is divided by 1737.
325
Calculate the remainder when 290